t q be (3/3)/(g/8). Suppose d = -q*d + y + 75, -2*d + y = -27. What is the remainder when 47 is divided by d?
15
Let o be (6/10)/((-2)/(-130)). Let u be o/4 + 3/12. Suppose -6*d = -u*d + 68. What is the remainder when 33 is divided by d?
16
Suppose 0 = -2*k - 4*l + 16 + 30, 5*k + 4*l - 115 = 0. Calculate the remainder when 206 is divided by k.
22
Let b = -77 + 140. Suppose -17*f = -14*f - b. What is the remainder when 28 is divided by f?
7
Let g = 16 + -4. Suppose -2*v + 4*f = -154, -v = 4*v + 5*f - 415. Calculate the remainder when v is divided by g.
9
Let x(g) = 2*g**2 + 3*g - 2. Suppose 2*j - 4*j + 11 = -3*n, -5*j + 5*n = -25. Calculate the remainder when x(-4) is divided by j.
2
Suppose -29 = 4*w + 23. Let r be (-1)/(3/6) + 0. Let q = r - w. What is the remainder when q is divided by 4?
3
Let w(r) = -r**3 - 5*r**2 - 12*r - 5. Calculate the remainder when 103 is divided by w(-4).
22
Let l = 2 + 6. Suppose 5*y = 4*g, l = y + g - 1. Let w = y - -5. Calculate the remainder when 33 is divided by w.
6
Let s = 15 - -3. Suppose -219 = -2*m + 3*n, -3*m = -2*n - 44 - 277. Calculate the remainder when m is divided by s.
15
Suppose 3*q = 3 + 12. Let b(d) = 12*d**2 - d + q*d + 7 - d**3 - 22. What is the remainder when b(12) is divided by 9?
6
Let o = 25 - 12. Suppose 4*y + 23 = -3*z + 44, 0 = z - 2*y + 3. What is the remainder when o is divided by z?
1
Let n be ((-1)/(-4))/((-9)/(-552))*6. Let l = n + -82. Calculate the remainder when 58 is divided by l.
8
Let g = -106 - -109. Let a(t) = t**3 - 4*t**2 + 17*t - 4. Calculate the remainder when a(g) is divided by 8.
6
Suppose 6*n - 52 = 4*n. Let s = 94 + -87. Calculate the remainder when n is divided by s.
5
Let g(z) = z**2 + 2*z - 20. What is the remainder when 613 is divided by g(-8)?
25
Let h = -17 - -31. Suppose h = d - 3. What is the remainder when d is divided by 8/4 + (8 - 0)?
7
Suppose -2*y = -5*u + 1006, -4*y + 878 - 264 = 3*u. Suppose 2*t - 106 = -2*d, -2*d - 2*d - 2*t = -u. Calculate the remainder when d is divided by 10.
8
Let o be 10/((-1)/(-1))*(-42)/(-28). Suppose 6 = -2*h, 5*k - 262 = -o*h + 14*h. What is the remainder when k is divided by 27?
26
Let a be (-1)/(-3) + (-32)/(-12). Suppose -d - 9 - 14 = -3*f, 76 = -a*d + 2*f. Let i = 44 + d. What is the remainder when 35 is divided by i?
17
Suppose 129 = 3*v - 5*c + 32, -25 = 5*c. Calculate the remainder when -3*4/v*(0 - 10) is divided by 4.
1
Let g(h) = -2*h**3 + 27*h**2 - 48*h + 18. Calculate the remainder when g(11) is divided by 31.
2
Suppose -2*s = 2*p - 2, -6*s + 8*s - 5 = p. What is the remainder when 44 is divided by s?
0
Suppose -3*q - 6*k = -k - 14, -2*q + 11 = 5*k. Suppose 4*g + 3*o = 68, -2*o + 9 + q = g. What is the remainder when 13 is divided by 1/3 + g/3?
6
Let i(u) = u**3 - 6*u**2 - 7*u - 8. Let n be i(7). Let h = 33 + n. What is the remainder when 49 is divided by h?
24
Let s(k) = k**3 - 3*k**2 - 6*k + 1. Let x(t) = 4*t**2 + 5*t - 1. Let p be x(-2). What is the remainder when 1/((-2)/(-5))*24 is divided by s(p)?
18
Suppose -2*m + 4*u = -7*m + 124, -5*u - 115 = -5*m. Let f = -2 + m. Calculate the remainder when (-4)/16 - 3490/(-40) is divided by f.
21
Let u = -65 + 25. Let n = u + 74. Suppose -7*j + 5*j + n = 0. Calculate the remainder when 65 is divided by j.
14
Suppose -5*n + 766 = -149. What is the remainder when n is divided by 69?
45
Suppose 6*h = 370 - 118. Let u = 115 - h. Let x(q) = 7*q**2 + 2*q + 1. Calculate the remainder when u is divided by x(-2).
23
What is the remainder when 8/(816/64039) + (-1)/(-6) is divided by 37?
36
Suppose 5*l - 4 = -v + 2, v = l + 6. Let h(a) = 10*a**2 - 11*a**2 - v*a - 1 - 1. Calculate the remainder when 23 is divided by h(-4).
5
Calculate the remainder when (0 - (-18)/(-2))*7/(-3) is divided by 4.
1
Calculate the remainder when (-18)/(-45) - (-309)/15 is divided by 7.
0
Suppose 4*a + 3 - 15 = 0. Let x(q) = -q**2 - 8*q + 1. Calculate the remainder when (2/a)/((-6)/(-207)) is divided by x(-7).
7
Let x = -14 - -23. Suppose 6*d = 9*d - x. Suppose -38 + 5 = -d*v. What is the remainder when 21 is divided by v?
10
Let t be 7/((6/(-8))/(-3)). Let r = t + -13. Suppose -114 = -2*k - 4*u - 18, 0 = -2*k + 3*u + 75. Calculate the remainder when k is divided by r.
12
Let r = -1466 + 1549. Calculate the remainder when 662 is divided by r.
81
Let g(o) = -o. Suppose 0 = 3*s - 4*s. Suppose -30 = -c - s*c. Calculate the remainder when c is divided by g(-16).
14
Let l = -172 - -184. What is the remainder when 45 is divided by l?
9
Let r(c) = c**2 - 22*c + 58. Let n be r(19). Calculate the remainder when 36 is divided by 10*n + 0/12.
6
Suppose 2*d = -o + 8, 3*o - 7 = -5*d + 12. Suppose -18 = 2*y - 3*y + 3*c, 5*y + d*c + 10 = 0. What is the remainder when 6 is divided by y?
0
Let y be 13 - 3/(-6)*(-40)/5. Suppose -a - 15 = -2*u, -6*a - y = -u - 7*a. What is the remainder when 37 is divided by u?
5
Suppose -4*b - 4*m = -5 - 19, -2*b - 5*m = -24. Suppose 2*o - 4 = 3*d - d, -16 = -b*d - 3*o. What is the remainder when 3 is divided by d?
1
Suppose -84 = -5*p + 2*k, -6*k + 3*k + 27 = p. Let g(m) = -m**3 + 8*m**2 + 22*m - 10. What is the remainder when p is divided by g(10)?
8
Suppose 0 = -z + 3*y + 31, -4*y = 4*z - 22 - 70. Calculate the remainder when 95 is divided by z.
20
Let i(o) = -o**3 - 7*o**2 - 1. Let z be i(-7). Calculate the remainder when z/5 - (-382)/10 is divided by 21.
17
Let i = -127 - -83. What is the remainder when 83 is divided by 226/8 - (-11)/i?
27
Suppose 4*s = 5*s. Let h = 5 - s. Suppose -2*t - 3*t + 140 = -r, -2*r = 0. What is the remainder when t is divided by h?
3
Let i = -423 - -588. What is the remainder when i is divided by 28?
25
Let k be (-2)/(((-4)/7)/(-2)). Let x(o) = -8*o - 4. Let g = 765 + -747. What is the remainder when x(k) is divided by g?
16
Let m(d) = 2*d**3 - 9*d**2 + 9*d. Let z be m(4). Let x be ((-1)/(-1))/((-1)/(-1)). Let k = x + z. What is the remainder when k is divided by 11?
10
Let g = 342 + -231. Let q = g + -64. Suppose -3*y = -y - 32. Calculate the remainder when q is divided by y.
15
Calculate the remainder when ((-175)/10 + 4)*112/(-12) is divided by 13.
9
Let i be (0 - (-40)/(-6))*-39. Suppose 0 = -6*o + 10*o - i. Calculate the remainder when o is divided by 22.
21
Let u(s) = -2*s**3 - 4*s**2 + 11*s - 9. Calculate the remainder when u(-4) is divided by (1 - -1)*6/3.
3
Let i = 676 - 500. What is the remainder when i is divided by 37?
28
Suppose -994 = 5*b + 196. Let f = 341 + b. Calculate the remainder when f is divided by 15.
13
Let k(b) = 14*b - 34. Let g be k(-6). Let a = g + 139. Calculate the remainder when a is divided by 6.
3
Let v = 2380 - 2330. Let c(j) = -j + 2. Let o be c(-3). Suppose o*l - 12 = 73. Calculate the remainder when v is divided by l.
16
Suppose -5*a - 130 = -5*u, 3*a + a - 22 = -2*u. Let n = -87 + 100. What is the remainder when u is divided by n?
8
Suppose -4*t + 187 = 4*c - t, 4*c + 2*t = 186. What is the remainder when c is divided by (8/(-10))/((-2)/30)?
10
Suppose 1756 = 6*r - 1958. Calculate the remainder when r is divided by 69.
67
Suppose -2*r + 14 = 2*q - 60, 46 = r + 4*q. What is the remainder when r is divided by 21?
13
What is the remainder when 206 is divided by 16 - ((9 - 30/6) + -1)?
11
Let r be (-2)/(-5) + (-411)/15. Let i = -17 - r. Let u(h) = 16*h**3 - 2*h + 3. What is the remainder when u(1) is divided by i?
7
Let j(p) = -6*p**2 + 43*p + 7. Calculate the remainder when 31 is divided by j(7).
3
Suppose -278 + 84 = -2*q. Calculate the remainder when q is divided by 13.
6
Let g(b) = b**2 - 2*b - 1. Let p(o) = 2*o - 22. Let f(l) = 4*g(l) - p(l). What is the remainder when f(6) is divided by 26?
24
Suppose -98 = -7*u + 21. Suppose 3*r + 31 = 130. Calculate the remainder when r is divided by u.
16
Suppose 3*k = 3*x + 63, -4*k - x = -0*k - 69. What is the remainder when (177/k)/(1/6) is divided by 16?
11
Let t(q) = -q**3 + 4*q**2 + 3*q + 22. Let u(c) = 15*c**2 + c. What is the remainder when u(-2) is divided by t(5)?
10
Let h(c) = -25*c - 4. Suppose 4*g + 101 = 3*a, 0 = 2*a - 69*g + 68*g - 59. What is the remainder when h(-4) is divided by a?
15
Let l(t) = -t**3 - 16*t**2 - t - 27. Let v be l(-17). Let c = v - 174. Calculate the remainder when c is divided by 54.
51
Let f(c) = c**3 - 12*c**2 - 5*c - 23. Let v(m) = -m + 